0*l - 43*l. List the prime factors of l.
3, 487
Let n(m) be the first derivative of -m**4/4 + 5*m**3/3 - m**2 + 3*m + 6. Let k be n(2). Suppose 3 = -d, -5*d + k - 2 = a. What are the prime factors of a?
2, 3
Suppose -2006 + 37 = -11*w. What are the prime factors of w?
179
Let q(k) = 2*k + 10. Let z be 84/10 - (-20)/(-50). Let r(y) = 5*y + 29. Let l(u) = z*q(u) - 3*r(u). What are the prime factors of l(11)?
2
Suppose -3*p + 4*p = -822. List the prime factors of -2 + (-3 - -2) - p/6.
2, 67
Let g(n) = -423*n + 32. List the prime factors of g(-4).
2, 431
What are the prime factors of 17942/10 + (-12)/(-15)?
5, 359
Suppose 107*m - 116*m + 23337 = 0. What are the prime factors of m?
2593
Let c be (4/(-6))/((-4)/12). Let g be ((-1)/c)/(1/(-4)). Suppose 4*h - 144 = -4*x, -3*h - g*x + 137 = 34. List the prime factors of h.
31
Suppose 2*t + 4*v - 456 = 0, -2*t - t + 2*v + 652 = 0. Suppose -3*x + 308 = -x. Let z = t - x. List the prime factors of z.
2, 3, 11
Let z be 8/12 - 4/6. Let s(c) = -4*c - 12. Let p be s(-3). List the prime factors of 14 - p - (z + -1).
3, 5
Suppose -18 = 2*b - 6. Let n(f) be the second derivative of -f**4/12 - 5*f**3/3 + 3*f**2 + 34*f. What are the prime factors of n(b)?
2, 3, 5
Let b(w) = -6*w - 2 + 1 - 5. Let c be b(-3). Suppose c = 4*h - 36. List the prime factors of h.
2, 3
Let j(l) = -127*l**3 + 5*l**2 + 6*l + 3. List the prime factors of j(-2).
13, 79
Let b(k) = 6*k + 7. Let w(d) = 6*d + 8. Let u(g) = 3*b(g) - 4*w(g). List the prime factors of u(-6).
5
Suppose -1883 + 7581 = 7*w. List the prime factors of w.
2, 11, 37
List the prime factors of -9 + 2/((-18)/(-12105)).
2, 167
Suppose 0 = -3*r - 3*u + 267, -2*u = 2*u - 4. Let j = r - 45. What are the prime factors of j?
43
Let l = -5 + 20. Let d = l + -12. Suppose -21 = -m + 5*u, -d*m + 6 + 17 = 5*u. List the prime factors of m.
11
What are the prime factors of (-1244)/(-3) - (-50)/(-30)?
7, 59
Let w(i) = -i - 7. Let k be w(0). Let r(x) = -4*x + 19. List the prime factors of r(k).
47
Let d = -19 - -28. Let s be 4232/72 + 2/d. Let o = s - 19. List the prime factors of o.
2, 5
Suppose 3*l - 8*l = -5. Let u be 104/((l + 7)/4). Let p = u + -35. What are the prime factors of p?
17
Let v(y) = -32*y + 2. Let h be 2*2 - (-35)/(-7). List the prime factors of v(h).
2, 17
Let j be (-9)/4*8/(-3). Let z(p) = 8*p + 4. What are the prime factors of z(j)?
2, 13
Let x(u) = -u**2 - 12*u - 17. Let w be x(-10). Suppose -2*o + 115 = w*o. What are the prime factors of o?
23
Suppose -45*c + 2072 = 92. List the prime factors of c.
2, 11
Suppose -218 = -5*s - 43. Suppose 0 = 2*p - 3*h - 4 - 25, 2*p - 5*h - s = 0. List the prime factors of p.
2, 5
What are the prime factors of 3*(-4)/36*-3984?
2, 83
Let h = 2510 + -1312. What are the prime factors of h?
2, 599
Let w(g) = 5*g + 6. Let r(n) = n - 1. Let x be r(5). Let s be w(x). Suppose -4*a + 32 = -4*d, 0 = 5*a - 8*a + 5*d + s. List the prime factors of a.
7
Let h = 53 - 29. Let t be (-906)/(-10) - h/(-60). Suppose -5*k + t = -49. What are the prime factors of k?
2, 7
Let c = -1696 + 4639. List the prime factors of c.
3, 109
Let m be (3 + -3)/(2*2/(-4)). Suppose -22 = 2*p - 4*p. Suppose v - 5 = 5*l, p = -m*v + v + l. What are the prime factors of v?
2, 5
Let j be (-15)/(-20) - (-57)/4. Suppose -w + j = -65. What are the prime factors of w?
2, 5
List the prime factors of 2*(-15)/10 - -1390 - 2.
5, 277
Suppose t - 2*p - 55 = 47, p + 555 = 5*t. What are the prime factors of t?
2, 7
Let y be (-152)/(-7) - (-2)/7. Let u = y + -13. Suppose 2*t + t = -4*g + 35, -t = g - u. List the prime factors of g.
2
Let n = 10 - 8. Let j(f) = -2 + 5 + 5*f + f**3 - 5*f**2 - n + 0*f**2. List the prime factors of j(4).
5
List the prime factors of (6 - 0)*((-990)/12)/(-1).
3, 5, 11
Let d(j) = 3*j**2 - 4 + 8 - j - j**2. Suppose 23 = n - 5*t, -2*t + 31 = 5*n - 6*t. List the prime factors of d(n).
19
Let r(s) = 8*s**3 - 61*s**2 + 13*s + 2. List the prime factors of r(8).
2, 149
Let c(z) = z**2 + 41*z - 44. What are the prime factors of c(14)?
2, 3, 11
Suppose 9 = n + 3*v + v, -3*n - 4*v + 11 = 0. Let k be 143 + (-2 + 4 - n). Suppose 4*w - 79 = -3*f, 3 + k = 4*f - 3*w. List the prime factors of f.
3, 11
Suppose -5*y = o - 1107, 4*o - 10 = -22. List the prime factors of y.
2, 3, 37
Let r(g) = 131*g - 384. List the prime factors of r(16).
2, 107
Suppose 3*c - 13 = 4*z, c + 3*c = -3*z + 9. Suppose -s - c*r + 32 = -12, s - 2*r - 39 = 0. List the prime factors of s.
41
Let o(y) = y**3 + y**2 + y - 17963. Let b be o(0). Let q = -11572 - b. List the prime factors of 4/22 - q/(-121).
53
Suppose -7*w + 3759 + 4627 = 0. List the prime factors of w.
2, 599
Suppose 0 = -459*l + 470*l - 19954. What are the prime factors of l?
2, 907
What are the prime factors of ((-261)/(-27) + -11)*(0 - 708)?
2, 59
Suppose 0 = 3*x - 158 + 44. Suppose 14 - x = -8*t. List the prime factors of t.
3
Let d(f) = -f**2 - 3*f + 14. Let x be d(-5). List the prime factors of ((-110)/x)/((-2)/(-8)*-2).
5, 11
Let h = -2102 + 3018. List the prime factors of h.
2, 229
Let j(b) = -b**3 + 6*b**2 + 8*b - 9. Let a be j(7). What are the prime factors of (215/a)/(4/(-8))?
5, 43
List the prime factors of (-2)/(3 + (-5789)/1925).
5, 11
What are the prime factors of ((-10)/(-3))/(6/981)?
5, 109
Suppose -475 = -11*o + 251. Suppose 4*b - 3*b - o = 0. What are the prime factors of b?
2, 3, 11
Suppose -16 = -2*i - 20. What are the prime factors of 2/(i + (-15)/(-6))?
2
Suppose -18*r = -15*r - 2*u - 1655, -2*r + u = -1104. List the prime factors of r.
7, 79
Suppose o + 3*g - 1567 = 0, -2*o = -5*g - 1527 - 1563. List the prime factors of o.
5, 311
Let j(w) = -2*w**2 + 23*w - 6. Let k be j(11). Suppose 2*t - k*r - 160 = 0, 2*t = -6*r + r + 120. List the prime factors of t.
2, 5, 7
Let q(p) = 4*p**2 - 12*p + 91. List the prime factors of q(8).
251
Suppose 17340 = 16*k + 4*k. What are the prime factors of k?
3, 17
Suppose 746*j = 750*j - 4620. What are the prime factors of j?
3, 5, 7, 11
Suppose 3 = -3*l - 5*h, -l + 2 = -3*l - 2*h. Let p be 33/(-27) + (-4)/(-18). What are the prime factors of -1 + 15 - (l - p)?
2, 7
Suppose 0 = -4*t + 8. Suppose 0 = t*y + 5*w - 18, 0*w - 3*w + 11 = y. List the prime factors of (2/y)/(20/(-250)).
5
List the prime factors of 22665*(-1)/(-21) + (-6)/21.
13, 83
Let j be 183/(-9) - (-5)/15. Let i be ((-1)/3)/(j/(-240)). Let z(f) = 2*f**2 + f - 9. List the prime factors of z(i).
19
Suppose 58 = -2*z + 2. Let v = 61 + -78. Let i = v - z. List the prime factors of i.
11
Suppose 2*w = 3*l - 164, -2*w = 4*l + 3*w - 188. What are the prime factors of 3 + (-55)/15 + l/6?
2
Suppose 37*d - 30*d = 3878. List the prime factors of d.
2, 277
Suppose 0 = h - 8*q + 6*q - 1577, -4*h + 6343 = -q. What are the prime factors of h?
3, 23
Let n = -14 + 12. Let i = n + 2. Suppose i = -4*t + 4*r + 164, -t - 2*r + 35 = -0*t. What are the prime factors of t?
3, 13
Let u(k) = 8*k - 155. Let h be u(0). Let i = -60 - h. What are the prime factors of i?
5, 19
Suppose -4*b = 3*x - 16733 + 3504, -3*x = 2*b - 13225. What are the prime factors of x?
3, 13, 113
Suppose 4*y = -3*i + 4492, -i + 4484 = -0*y + 4*y. List the prime factors of y.
2, 5, 7
Suppose 10 - 26 = -8*n. Let p(t) = 94*t + 5. What are the prime factors of p(n)?
193
Suppose -20 = m - 46. Suppose -24*b + m*b - 290 = 0. What are the prime factors of b?
5, 29
Suppose -8 = -90*w + 94*w. What are the prime factors of 1*4 + w + 119?
11
Let a(b) = -83*b - 157. List the prime factors of a(-21).
2, 13, 61
Let t = 478 - 464. Suppose 3*n + 39 = 4*w + 5, -n + 52 = 5*w. Let q = t - w. What are the prime factors of q?
2
Suppose i + 2*w = 103, w = 4*i + 3*w - 400. Let r = 116 - i. What are the prime factors of r?
17
Let n(x) be the second derivative of x**5/20 - 3*x**4/4 - 4*x**3/3 - 9*x**2/2 - x. Let j be n(10). Let h = 8 + j. What are the prime factors of h?
19
Suppose -x + 5*q = -19, 5 = -x + 3*q + 18. Suppose -4*s - 7 = 4*d - 9*d, 5*s - x*d = -20. What are the prime factors of 36/3*s/(-6)?
2
Suppose -5*r = 4*a - 424, r + 2*a - 55 = 25. Let g = 0 + r. Suppose -10*z + g = -6*z. List the prime factors of z.
2, 11
Suppose 2*g + 13 - 105 = 0. Let p = g - 28. What are the prime factors of p?
2, 3
Let z = -3 + 19. Let b = 42 + -42. Suppose -3*k + z - 81 = -2*q, b = 2*k - 2. List the prime fac